{"id":1819,"date":"2023-04-24T15:45:18","date_gmt":"2023-04-24T18:45:18","guid":{"rendered":"https:\/\/ecofacilities.com.br\/?page_id=1819"},"modified":"2023-04-24T16:48:08","modified_gmt":"2023-04-24T19:48:08","slug":"desinfeccao-de-ambientes","status":"publish","type":"page","link":"https:\/\/ecofacilities.com.br\/?page_id=1819","title":{"rendered":"Desinfec\u00e7\u00e3o de Ambientes"},"content":{"rendered":"\t\t<div data-elementor-type=\"wp-page\" data-elementor-id=\"1819\" class=\"elementor elementor-1819\">\n\t\t\t\t\t\t\t\t\t<section class=\"elementor-section elementor-top-section elementor-element elementor-element-1f9ba9c elementor-section-boxed elementor-section-height-default elementor-section-height-default\" data-id=\"1f9ba9c\" data-element_type=\"section\">\n\t\t\t\t\t\t<div class=\"elementor-container elementor-column-gap-default\">\n\t\t\t\t\t<div class=\"elementor-column elementor-col-100 elementor-top-column elementor-element elementor-element-727bd5e\" data-id=\"727bd5e\" data-element_type=\"column\">\n\t\t\t<div class=\"elementor-widget-wrap elementor-element-populated\">\n\t\t\t\t\t\t\t\t<section class=\"elementor-section elementor-inner-section elementor-element elementor-element-b1e4570 elementor-section-boxed elementor-section-height-default elementor-section-height-default\" data-id=\"b1e4570\" data-element_type=\"section\">\n\t\t\t\t\t\t<div class=\"elementor-container elementor-column-gap-default\">\n\t\t\t\t\t<div class=\"elementor-column elementor-col-50 elementor-inner-column elementor-element elementor-element-d753c04\" data-id=\"d753c04\" data-element_type=\"column\">\n\t\t\t<div class=\"elementor-widget-wrap elementor-element-populated\">\n\t\t\t\t\t\t\t\t<div class=\"elementor-element elementor-element-1f0510c elementor-widget elementor-widget-text-editor\" data-id=\"1f0510c\" data-element_type=\"widget\" data-widget_type=\"text-editor.default\">\n\t\t\t\t<div class=\"elementor-widget-container\">\n\t\t\t<style>\/*! elementor - v3.13.2 - 11-05-2023 *\/\n.elementor-widget-text-editor.elementor-drop-cap-view-stacked .elementor-drop-cap{background-color:#69727d;color:#fff}.elementor-widget-text-editor.elementor-drop-cap-view-framed .elementor-drop-cap{color:#69727d;border:3px solid;background-color:transparent}.elementor-widget-text-editor:not(.elementor-drop-cap-view-default) .elementor-drop-cap{margin-top:8px}.elementor-widget-text-editor:not(.elementor-drop-cap-view-default) .elementor-drop-cap-letter{width:1em;height:1em}.elementor-widget-text-editor .elementor-drop-cap{float:left;text-align:center;line-height:1;font-size:50px}.elementor-widget-text-editor .elementor-drop-cap-letter{display:inline-block}<\/style>\t\t\t\t<h4><strong>Desinfec\u00e7\u00e3o de Ambientes<\/strong><\/h4>\t\t\t\t\t\t<\/div>\n\t\t\t\t<\/div>\n\t\t\t\t<div class=\"elementor-element elementor-element-59907a0 elementor-widget elementor-widget-text-editor\" data-id=\"59907a0\" data-element_type=\"widget\" data-widget_type=\"text-editor.default\">\n\t\t\t\t<div class=\"elementor-widget-container\">\n\t\t\t\t\t\t\t<p>Mesmo ap\u00f3s a higieniza\u00e7\u00e3o di\u00e1ria, seu lar, local de trabalho e at\u00e9 mesmo a cl\u00ednica m\u00e9dica ou hospital que voc\u00ea eventualmente procura podem abrigar bact\u00e9rias ou outros agentes patog\u00eanicos devido \u00e0 circula\u00e7\u00e3o constante de pessoas.\u00a0<\/p><p>Com o\u00a0<strong>servi\u00e7o de desinfec\u00e7\u00e3o da Eco Facilities<\/strong>, os ambientes de maior circula\u00e7\u00e3o de sua empresa, condom\u00ednio, loja, resid\u00eancia, cl\u00ednica, com\u00e9rcio, academia, neg\u00f3cio ou ind\u00fastria, ficar\u00e3o descontaminados e seguros.<\/p><p>Utilizamos somente produtos devidamente licenciados e com efic\u00e1cia comprovada, buscando a elimina\u00e7\u00e3o de at\u00e9 99,9% dos microrganismos como bact\u00e9rias, fungos, germes e v\u00edrus, assim como o\u00a0<strong>Coronav\u00edrus<\/strong>, presentes nas superf\u00edcies.<\/p><p>O produto utilizado atende aos crit\u00e9rios solicitados na\u00a0<a title=\"null\" href=\"http:\/\/portal.anvisa.gov.br\/documents\/219201\/5777769\/PROCEDIMENTO+01+-+PLD-Residuo-Efluentes-\/54d4b6eb-36a9-45d9-ba8b-49c648a5f375\" target=\"null\" rel=\"noopener noreferrer\" data-cke-saved-href=\"http:\/\/portal.anvisa.gov.br\/documents\/219201\/5777769\/PROCEDIMENTO+01+-+PLD-Residuo-Efluentes-\/54d4b6eb-36a9-45d9-ba8b-49c648a5f375\"><strong>ANVISA<\/strong><\/a>.<\/p><p>\u00a0<\/p>\t\t\t\t\t\t<\/div>\n\t\t\t\t<\/div>\n\t\t\t\t\t<\/div>\n\t\t<\/div>\n\t\t\t\t<div class=\"elementor-column elementor-col-50 elementor-inner-column elementor-element elementor-element-cbd20b9\" data-id=\"cbd20b9\" data-element_type=\"column\">\n\t\t\t<div class=\"elementor-widget-wrap elementor-element-populated\">\n\t\t\t\t\t\t\t\t<div class=\"elementor-element elementor-element-ad5c222 elementor-widget elementor-widget-image\" data-id=\"ad5c222\" data-element_type=\"widget\" data-widget_type=\"image.default\">\n\t\t\t\t<div class=\"elementor-widget-container\">\n\t\t\t<style>\/*! elementor - v3.13.2 - 11-05-2023 *\/\n.elementor-widget-image{text-align:center}.elementor-widget-image a{display:inline-block}.elementor-widget-image a img[src$=\".svg\"]{width:48px}.elementor-widget-image img{vertical-align:middle;display:inline-block}<\/style>\t\t\t\t\t\t\t\t\t\t\t\t<img loading=\"lazy\" decoding=\"async\" width=\"493\" height=\"656\" src=\"https:\/\/ecofacilities.com.br\/wp-content\/uploads\/2023\/04\/pojpjpj.jpeg\" class=\"attachment-large size-large wp-image-1838\" alt=\"\" srcset=\"https:\/\/ecofacilities.com.br\/wp-content\/uploads\/2023\/04\/pojpjpj.jpeg 493w, https:\/\/ecofacilities.com.br\/wp-content\/uploads\/2023\/04\/pojpjpj-225x300.jpeg 225w\" sizes=\"auto, (max-width: 493px) 100vw, 493px\" \/>\t\t\t\t\t\t\t\t\t\t\t\t\t\t\t<\/div>\n\t\t\t\t<\/div>\n\t\t\t\t\t<\/div>\n\t\t<\/div>\n\t\t\t\t\t\t\t<\/div>\n\t\t<\/section>\n\t\t\t\t\t<\/div>\n\t\t<\/div>\n\t\t\t\t\t\t\t<\/div>\n\t\t<\/section>\n\t\t\t\t<section class=\"elementor-section elementor-top-section elementor-element elementor-element-78e2858 elementor-section-boxed elementor-section-height-default elementor-section-height-default\" data-id=\"78e2858\" data-element_type=\"section\" data-settings=\"{&quot;background_background&quot;:&quot;classic&quot;}\">\n\t\t\t\t\t\t<div class=\"elementor-container elementor-column-gap-default\">\n\t\t\t\t\t<div class=\"elementor-column elementor-col-100 elementor-top-column elementor-element elementor-element-cfe85ce\" data-id=\"cfe85ce\" data-element_type=\"column\">\n\t\t\t<div class=\"elementor-widget-wrap elementor-element-populated\">\n\t\t\t\t\t\t\t\t<div class=\"elementor-element elementor-element-8c4066c elementor-widget elementor-widget-heading\" data-id=\"8c4066c\" data-element_type=\"widget\" data-widget_type=\"heading.default\">\n\t\t\t\t<div class=\"elementor-widget-container\">\n\t\t\t<style>\/*! elementor - v3.13.2 - 11-05-2023 *\/\n.elementor-heading-title{padding:0;margin:0;line-height:1}.elementor-widget-heading .elementor-heading-title[class*=elementor-size-]>a{color:inherit;font-size:inherit;line-height:inherit}.elementor-widget-heading .elementor-heading-title.elementor-size-small{font-size:15px}.elementor-widget-heading .elementor-heading-title.elementor-size-medium{font-size:19px}.elementor-widget-heading .elementor-heading-title.elementor-size-large{font-size:29px}.elementor-widget-heading .elementor-heading-title.elementor-size-xl{font-size:39px}.elementor-widget-heading .elementor-heading-title.elementor-size-xxl{font-size:59px}<\/style><h2 class=\"elementor-heading-title elementor-size-large\">Como o servi\u00e7o \u00e9 feito?<\/h2>\t\t<\/div>\n\t\t\t\t<\/div>\n\t\t\t\t<div class=\"elementor-element elementor-element-066d333 elementor-widget elementor-widget-text-editor\" data-id=\"066d333\" data-element_type=\"widget\" data-widget_type=\"text-editor.default\">\n\t\t\t\t<div class=\"elementor-widget-container\">\n\t\t\t\t\t\t\t<h4><span style=\"font-size: 16px; font-style: inherit; font-weight: inherit; color: #ffffff; font-family: 'Open Sans', sans-serif;\">O procedimento se baseia na limpeza, aplica\u00e7\u00e3o do produto sanitizante em paredes, pisos, portas e qualquer outro objeto que tenha contato com o ambiente externo, por uma equipe especializada, que utiliza equipamentos de alta tecnologia e prote\u00e7\u00e3o individual. Com isso, os microrganismos nocivos presentes s\u00e3o eliminados. N\u00e3o \u00e9 prejudicial a humanos, animais ou meio ao ambiente, sendo apenas necess\u00e1rio o isolamento do local pelo per\u00edodo em que durar o servi\u00e7o, e minutos ap\u00f3s a realiza\u00e7\u00e3o do procedimento, as pessoas j\u00e1 podem retornar ao ambiente.<\/span><\/h4>\t\t\t\t\t\t<\/div>\n\t\t\t\t<\/div>\n\t\t\t\t\t<\/div>\n\t\t<\/div>\n\t\t\t\t\t\t\t<\/div>\n\t\t<\/section>\n\t\t\t\t<section class=\"elementor-section elementor-top-section elementor-element elementor-element-fb67556 elementor-section-boxed elementor-section-height-default elementor-section-height-default\" data-id=\"fb67556\" data-element_type=\"section\">\n\t\t\t\t\t\t<div class=\"elementor-container elementor-column-gap-default\">\n\t\t\t\t\t<div class=\"elementor-column elementor-col-100 elementor-top-column elementor-element elementor-element-6dcad83\" data-id=\"6dcad83\" data-element_type=\"column\">\n\t\t\t<div class=\"elementor-widget-wrap elementor-element-populated\">\n\t\t\t\t\t\t\t\t<div class=\"elementor-element elementor-element-935c72e elementor-widget elementor-widget-heading\" data-id=\"935c72e\" data-element_type=\"widget\" data-widget_type=\"heading.default\">\n\t\t\t\t<div class=\"elementor-widget-container\">\n\t\t\t<h2 class=\"elementor-heading-title elementor-size-large\">Vantagens da desinfec\u00e7\u00e3o de ambientes<\/h2>\t\t<\/div>\n\t\t\t\t<\/div>\n\t\t\t\t<div class=\"elementor-element elementor-element-77dfebe elementor-widget elementor-widget-text-editor\" data-id=\"77dfebe\" data-element_type=\"widget\" data-widget_type=\"text-editor.default\">\n\t\t\t\t<div class=\"elementor-widget-container\">\n\t\t\t\t\t\t\t<p>Muito antes do novo\u00a0<strong>Coronav\u00edrus e a COVID-19<\/strong>\u00a0se tornarem manchete em todos os jornais e paralisarem o pa\u00eds, a desinfec\u00e7\u00e3o de ambientes j\u00e1 era uma pr\u00e1tica que as empresas adotavam como solu\u00e7\u00e3o eficiente contra muitos outros perigos invis\u00edveis aos nossos olhos.<\/p><p>Separamos uma lista de motivos para voc\u00ea agendar hoje mesmo a sua sanitiza\u00e7\u00e3o e ambientes:<\/p><ul><li>Seguro para pessoas, eletr\u00f4nicos e demais instala\u00e7\u00f5es;<\/li><\/ul><ul><li>Elimina 99,99% dos fungos, bact\u00e9rias, \u00e1caros e v\u00edrus (<strong>incluindo o COVID-19<\/strong>);<\/li><\/ul><ul><li>N\u00e3o deixa cheiro;<\/li><\/ul><ul><li>Produtos registrados do Minist\u00e9rio da Sa\u00fade;<\/li><\/ul><ul><li>Certificado de execu\u00e7\u00e3o do servi\u00e7o de Sanitiza\u00e7\u00e3o de Ambientes;<\/li><\/ul><ul><li>Muito mais barato que voc\u00ea pensa.<\/li><\/ul>\t\t\t\t\t\t<\/div>\n\t\t\t\t<\/div>\n\t\t\t\t\t<\/div>\n\t\t<\/div>\n\t\t\t\t\t\t\t<\/div>\n\t\t<\/section>\n\t\t\t\t\t\t\t<\/div>\n\t\t","protected":false},"excerpt":{"rendered":"<p>Desinfec\u00e7\u00e3o de Ambientes Mesmo ap\u00f3s a higieniza\u00e7\u00e3o di\u00e1ria, seu lar, local de trabalho e at\u00e9 mesmo a cl\u00ednica m\u00e9dica ou hospital que voc\u00ea eventualmente procura podem abrigar bact\u00e9rias ou outros agentes patog\u00eanicos devido \u00e0 circula\u00e7\u00e3o constante de pessoas.\u00a0 Com o\u00a0servi\u00e7o de desinfec\u00e7\u00e3o da Eco Facilities, os ambientes de maior circula\u00e7\u00e3o de sua empresa, condom\u00ednio, loja, [&hellip;]<\/p>\n","protected":false},"author":1,"featured_media":0,"parent":22,"menu_order":0,"comment_status":"closed","ping_status":"closed","template":"","meta":{"site-sidebar-layout":"no-sidebar","site-content-layout":"page-builder","ast-site-content-layout":"","site-content-style":"default","site-sidebar-style":"default","ast-global-header-display":"","ast-banner-title-visibility":"","ast-main-header-display":"","ast-hfb-above-header-display":"","ast-hfb-below-header-display":"","ast-hfb-mobile-header-display":"","site-post-title":"disabled","ast-breadcrumbs-content":"","ast-featured-img":"disabled","footer-sml-layout":"","theme-transparent-header-meta":"","adv-header-id-meta":"","stick-header-meta":"","header-above-stick-meta":"","header-main-stick-meta":"","header-below-stick-meta":"","astra-migrate-meta-layouts":"default","ast-page-background-enabled":"default","ast-page-background-meta":{"desktop":{"background-color":"","background-image":"","background-repeat":"repeat","background-position":"center center","background-size":"auto","background-attachment":"scroll","background-type":"","background-media":"","overlay-type":"","overlay-color":"","overlay-opacity":"","overlay-gradient":""},"tablet":{"background-color":"","background-image":"","background-repeat":"repeat","background-position":"center center","background-size":"auto","background-attachment":"scroll","background-type":"","background-media":"","overlay-type":"","overlay-color":"","overlay-opacity":"","overlay-gradient":""},"mobile":{"background-color":"","background-image":"","background-repeat":"repeat","background-position":"center center","background-size":"auto","background-attachment":"scroll","background-type":"","background-media":"","overlay-type":"","overlay-color":"","overlay-opacity":"","overlay-gradient":""}},"ast-content-background-meta":{"desktop":{"background-color":"var(--ast-global-color-5)","background-image":"","background-repeat":"repeat","background-position":"center center","background-size":"auto","background-attachment":"scroll","background-type":"","background-media":"","overlay-type":"","overlay-color":"","overlay-opacity":"","overlay-gradient":""},"tablet":{"background-color":"var(--ast-global-color-5)","background-image":"","background-repeat":"repeat","background-position":"center center","background-size":"auto","background-attachment":"scroll","background-type":"","background-media":"","overlay-type":"","overlay-color":"","overlay-opacity":"","overlay-gradient":""},"mobile":{"background-color":"var(--ast-global-color-5)","background-image":"","background-repeat":"repeat","background-position":"center center","background-size":"auto","background-attachment":"scroll","background-type":"","background-media":"","overlay-type":"","overlay-color":"","overlay-opacity":"","overlay-gradient":""}},"_joinchat":[],"footnotes":""},"class_list":["post-1819","page","type-page","status-publish","hentry"],"yoast_head":"<!-- This site is optimized with the Yoast SEO plugin v23.3 - https:\/\/yoast.com\/wordpress\/plugins\/seo\/ -->\n<title>Desinfec\u00e7\u00e3o de Ambientes - Eco Facilities<\/title>\n<meta name=\"robots\" content=\"index, follow, max-snippet:-1, max-image-preview:large, max-video-preview:-1\" \/>\n<link rel=\"canonical\" href=\"https:\/\/ecofacilities.com.br\/?page_id=1819\" \/>\n<meta property=\"og:locale\" content=\"pt_BR\" \/>\n<meta property=\"og:type\" content=\"article\" \/>\n<meta property=\"og:title\" content=\"Desinfec\u00e7\u00e3o de Ambientes - Eco Facilities\" \/>\n<meta property=\"og:description\" content=\"Desinfec\u00e7\u00e3o de Ambientes Mesmo ap\u00f3s a higieniza\u00e7\u00e3o di\u00e1ria, seu lar, local de trabalho e at\u00e9 mesmo a cl\u00ednica m\u00e9dica ou hospital que voc\u00ea eventualmente procura podem abrigar bact\u00e9rias ou outros agentes patog\u00eanicos devido \u00e0 circula\u00e7\u00e3o constante de pessoas.\u00a0 Com o\u00a0servi\u00e7o de desinfec\u00e7\u00e3o da Eco Facilities, os ambientes de maior circula\u00e7\u00e3o de sua empresa, condom\u00ednio, loja, [&hellip;]\" \/>\n<meta property=\"og:url\" content=\"https:\/\/ecofacilities.com.br\/?page_id=1819\" \/>\n<meta property=\"og:site_name\" content=\"Eco Facilities\" \/>\n<meta property=\"article:modified_time\" content=\"2023-04-24T19:48:08+00:00\" \/>\n<meta property=\"og:image\" content=\"http:\/\/ecofacilities.com.br\/wp-content\/uploads\/2023\/04\/pojpjpj.jpeg\" \/>\n<meta name=\"twitter:card\" content=\"summary_large_image\" \/>\n<meta name=\"twitter:label1\" content=\"Est. tempo de leitura\" \/>\n\t<meta name=\"twitter:data1\" content=\"2 minutos\" \/>\n<script type=\"application\/ld+json\" class=\"yoast-schema-graph\">{\"@context\":\"https:\/\/schema.org\",\"@graph\":[{\"@type\":\"WebPage\",\"@id\":\"https:\/\/ecofacilities.com.br\/?page_id=1819\",\"url\":\"https:\/\/ecofacilities.com.br\/?page_id=1819\",\"name\":\"Desinfec\u00e7\u00e3o de Ambientes - Eco Facilities\",\"isPartOf\":{\"@id\":\"https:\/\/ecofacilities.com.br\/#website\"},\"primaryImageOfPage\":{\"@id\":\"https:\/\/ecofacilities.com.br\/?page_id=1819#primaryimage\"},\"image\":{\"@id\":\"https:\/\/ecofacilities.com.br\/?page_id=1819#primaryimage\"},\"thumbnailUrl\":\"http:\/\/ecofacilities.com.br\/wp-content\/uploads\/2023\/04\/pojpjpj.jpeg\",\"datePublished\":\"2023-04-24T18:45:18+00:00\",\"dateModified\":\"2023-04-24T19:48:08+00:00\",\"breadcrumb\":{\"@id\":\"https:\/\/ecofacilities.com.br\/?page_id=1819#breadcrumb\"},\"inLanguage\":\"pt-BR\",\"potentialAction\":[{\"@type\":\"ReadAction\",\"target\":[\"https:\/\/ecofacilities.com.br\/?page_id=1819\"]}]},{\"@type\":\"ImageObject\",\"inLanguage\":\"pt-BR\",\"@id\":\"https:\/\/ecofacilities.com.br\/?page_id=1819#primaryimage\",\"url\":\"https:\/\/ecofacilities.com.br\/wp-content\/uploads\/2023\/04\/pojpjpj.jpeg\",\"contentUrl\":\"https:\/\/ecofacilities.com.br\/wp-content\/uploads\/2023\/04\/pojpjpj.jpeg\",\"width\":493,\"height\":656},{\"@type\":\"BreadcrumbList\",\"@id\":\"https:\/\/ecofacilities.com.br\/?page_id=1819#breadcrumb\",\"itemListElement\":[{\"@type\":\"ListItem\",\"position\":1,\"name\":\"In\u00edcio\",\"item\":\"https:\/\/ecofacilities.com.br\/\"},{\"@type\":\"ListItem\",\"position\":2,\"name\":\"Servi\u00e7os\",\"item\":\"https:\/\/ecofacilities.com.br\/?page_id=22\"},{\"@type\":\"ListItem\",\"position\":3,\"name\":\"Desinfec\u00e7\u00e3o de Ambientes\"}]},{\"@type\":\"WebSite\",\"@id\":\"https:\/\/ecofacilities.com.br\/#website\",\"url\":\"https:\/\/ecofacilities.com.br\/\",\"name\":\"Eco Facilities\",\"description\":\"\",\"publisher\":{\"@id\":\"https:\/\/ecofacilities.com.br\/#organization\"},\"potentialAction\":[{\"@type\":\"SearchAction\",\"target\":{\"@type\":\"EntryPoint\",\"urlTemplate\":\"https:\/\/ecofacilities.com.br\/?s={search_term_string}\"},\"query-input\":\"required name=search_term_string\"}],\"inLanguage\":\"pt-BR\"},{\"@type\":\"Organization\",\"@id\":\"https:\/\/ecofacilities.com.br\/#organization\",\"name\":\"Eco Facilities\",\"url\":\"https:\/\/ecofacilities.com.br\/\",\"logo\":{\"@type\":\"ImageObject\",\"inLanguage\":\"pt-BR\",\"@id\":\"https:\/\/ecofacilities.com.br\/#\/schema\/logo\/image\/\",\"url\":\"https:\/\/ecofacilities.com.br\/wp-content\/uploads\/2023\/04\/LOGO-TESTE2-1.png\",\"contentUrl\":\"https:\/\/ecofacilities.com.br\/wp-content\/uploads\/2023\/04\/LOGO-TESTE2-1.png\",\"width\":1146,\"height\":191,\"caption\":\"Eco Facilities\"},\"image\":{\"@id\":\"https:\/\/ecofacilities.com.br\/#\/schema\/logo\/image\/\"}}]}<\/script>\n<!-- \/ Yoast SEO plugin. -->","yoast_head_json":{"title":"Desinfec\u00e7\u00e3o de Ambientes - Eco Facilities","robots":{"index":"index","follow":"follow","max-snippet":"max-snippet:-1","max-image-preview":"max-image-preview:large","max-video-preview":"max-video-preview:-1"},"canonical":"https:\/\/ecofacilities.com.br\/?page_id=1819","og_locale":"pt_BR","og_type":"article","og_title":"Desinfec\u00e7\u00e3o de Ambientes - Eco Facilities","og_description":"Desinfec\u00e7\u00e3o de Ambientes Mesmo ap\u00f3s a higieniza\u00e7\u00e3o di\u00e1ria, seu lar, local de trabalho e at\u00e9 mesmo a cl\u00ednica m\u00e9dica ou hospital que voc\u00ea eventualmente procura podem abrigar bact\u00e9rias ou outros agentes patog\u00eanicos devido \u00e0 circula\u00e7\u00e3o constante de pessoas.\u00a0 Com o\u00a0servi\u00e7o de desinfec\u00e7\u00e3o da Eco Facilities, os ambientes de maior circula\u00e7\u00e3o de sua empresa, condom\u00ednio, loja, [&hellip;]","og_url":"https:\/\/ecofacilities.com.br\/?page_id=1819","og_site_name":"Eco Facilities","article_modified_time":"2023-04-24T19:48:08+00:00","og_image":[{"url":"http:\/\/ecofacilities.com.br\/wp-content\/uploads\/2023\/04\/pojpjpj.jpeg"}],"twitter_card":"summary_large_image","twitter_misc":{"Est. tempo de leitura":"2 minutos"},"schema":{"@context":"https:\/\/schema.org","@graph":[{"@type":"WebPage","@id":"https:\/\/ecofacilities.com.br\/?page_id=1819","url":"https:\/\/ecofacilities.com.br\/?page_id=1819","name":"Desinfec\u00e7\u00e3o de Ambientes - Eco Facilities","isPartOf":{"@id":"https:\/\/ecofacilities.com.br\/#website"},"primaryImageOfPage":{"@id":"https:\/\/ecofacilities.com.br\/?page_id=1819#primaryimage"},"image":{"@id":"https:\/\/ecofacilities.com.br\/?page_id=1819#primaryimage"},"thumbnailUrl":"http:\/\/ecofacilities.com.br\/wp-content\/uploads\/2023\/04\/pojpjpj.jpeg","datePublished":"2023-04-24T18:45:18+00:00","dateModified":"2023-04-24T19:48:08+00:00","breadcrumb":{"@id":"https:\/\/ecofacilities.com.br\/?page_id=1819#breadcrumb"},"inLanguage":"pt-BR","potentialAction":[{"@type":"ReadAction","target":["https:\/\/ecofacilities.com.br\/?page_id=1819"]}]},{"@type":"ImageObject","inLanguage":"pt-BR","@id":"https:\/\/ecofacilities.com.br\/?page_id=1819#primaryimage","url":"https:\/\/ecofacilities.com.br\/wp-content\/uploads\/2023\/04\/pojpjpj.jpeg","contentUrl":"https:\/\/ecofacilities.com.br\/wp-content\/uploads\/2023\/04\/pojpjpj.jpeg","width":493,"height":656},{"@type":"BreadcrumbList","@id":"https:\/\/ecofacilities.com.br\/?page_id=1819#breadcrumb","itemListElement":[{"@type":"ListItem","position":1,"name":"In\u00edcio","item":"https:\/\/ecofacilities.com.br\/"},{"@type":"ListItem","position":2,"name":"Servi\u00e7os","item":"https:\/\/ecofacilities.com.br\/?page_id=22"},{"@type":"ListItem","position":3,"name":"Desinfec\u00e7\u00e3o de Ambientes"}]},{"@type":"WebSite","@id":"https:\/\/ecofacilities.com.br\/#website","url":"https:\/\/ecofacilities.com.br\/","name":"Eco Facilities","description":"","publisher":{"@id":"https:\/\/ecofacilities.com.br\/#organization"},"potentialAction":[{"@type":"SearchAction","target":{"@type":"EntryPoint","urlTemplate":"https:\/\/ecofacilities.com.br\/?s={search_term_string}"},"query-input":"required name=search_term_string"}],"inLanguage":"pt-BR"},{"@type":"Organization","@id":"https:\/\/ecofacilities.com.br\/#organization","name":"Eco Facilities","url":"https:\/\/ecofacilities.com.br\/","logo":{"@type":"ImageObject","inLanguage":"pt-BR","@id":"https:\/\/ecofacilities.com.br\/#\/schema\/logo\/image\/","url":"https:\/\/ecofacilities.com.br\/wp-content\/uploads\/2023\/04\/LOGO-TESTE2-1.png","contentUrl":"https:\/\/ecofacilities.com.br\/wp-content\/uploads\/2023\/04\/LOGO-TESTE2-1.png","width":1146,"height":191,"caption":"Eco Facilities"},"image":{"@id":"https:\/\/ecofacilities.com.br\/#\/schema\/logo\/image\/"}}]}},"_links":{"self":[{"href":"https:\/\/ecofacilities.com.br\/index.php?rest_route=\/wp\/v2\/pages\/1819","targetHints":{"allow":["GET"]}}],"collection":[{"href":"https:\/\/ecofacilities.com.br\/index.php?rest_route=\/wp\/v2\/pages"}],"about":[{"href":"https:\/\/ecofacilities.com.br\/index.php?rest_route=\/wp\/v2\/types\/page"}],"author":[{"embeddable":true,"href":"https:\/\/ecofacilities.com.br\/index.php?rest_route=\/wp\/v2\/users\/1"}],"replies":[{"embeddable":true,"href":"https:\/\/ecofacilities.com.br\/index.php?rest_route=%2Fwp%2Fv2%2Fcomments&post=1819"}],"version-history":[{"count":8,"href":"https:\/\/ecofacilities.com.br\/index.php?rest_route=\/wp\/v2\/pages\/1819\/revisions"}],"predecessor-version":[{"id":1844,"href":"https:\/\/ecofacilities.com.br\/index.php?rest_route=\/wp\/v2\/pages\/1819\/revisions\/1844"}],"up":[{"embeddable":true,"href":"https:\/\/ecofacilities.com.br\/index.php?rest_route=\/wp\/v2\/pages\/22"}],"wp:attachment":[{"href":"https:\/\/ecofacilities.com.br\/index.php?rest_route=%2Fwp%2Fv2%2Fmedia&parent=1819"}],"curies":[{"name":"wp","href":"https:\/\/api.w.org\/{rel}","templated":true}]}}